 117 a multiple of 15?
False
Is 276 a multiple of 12?
True
Is 7152 a multiple of 6?
True
Is 1400 a multiple of 25?
True
Is 12132 a multiple of 11?
False
Does 282 divide 12835?
False
Is 183 a factor of 25438?
False
Does 22 divide 5902?
False
Does 5 divide 1080?
True
Is 40 a factor of 66325?
False
Is 2624 a multiple of 82?
True
Is 500 a multiple of 100?
True
Does 47 divide 793?
False
Is 6 a factor of 29754?
True
Is 18 a factor of 486?
True
Is 30510 a multiple of 135?
True
Does 37 divide 3903?
False
Does 10 divide 180?
True
Is 43322 a multiple of 9?
False
Is 87 a factor of 2006?
False
Is 16472 a multiple of 23?
False
Is 9800 a multiple of 35?
True
Is 119 a factor of 7802?
False
Is 576 a multiple of 9?
True
Is 110 a factor of 6992?
False
Is 14 a factor of 8711?
False
Is 5905 a multiple of 18?
False
Does 56 divide 39063?
False
Is 69 a factor of 2622?
True
Is 36 a factor of 136?
False
Does 41 divide 4879?
True
Does 3 divide 3554?
False
Is 6 a factor of 528?
True
Is 414 a multiple of 37?
False
Is 6 a factor of 401?
False
Does 85 divide 583?
False
Is 3 a factor of 1540?
False
Does 16 divide 1750?
False
Is 5 a factor of 8545?
True
Is 17616 a multiple of 54?
False
Is 5 a factor of 2989?
False
Does 232 divide 928?
True
Does 50 divide 550?
True
Is 73 a factor of 12536?
False
Is 22342 a multiple of 17?
False
Is 259 a multiple of 37?
True
Does 43 divide 38657?
True
Is 39 a factor of 118154?
False
Does 91 divide 4186?
True
Is 6 a factor of 4596?
True
Is 12 a factor of 1178?
False
Does 43 divide 11641?
False
Is 14 a factor of 49798?
True
Is 3321 a multiple of 9?
True
Does 30 divide 390?
True
Does 7 divide 188?
False
Is 1206 a multiple of 67?
True
Does 5 divide 10716?
False
Is 27189 a multiple of 151?
False
Is 88 a multiple of 11?
True
Is 19 a factor of 2337?
True
Is 21 a factor of 6334?
False
Is 131 a factor of 4116?
False
Is 36 a factor of 2304?
True
Is 38 a factor of 10741?
False
Does 11 divide 3091?
True
Does 116 divide 3478?
False
Does 14 divide 8106?
True
Is 6808 a multiple of 37?
True
Is 18 a factor of 370?
False
Does 82 divide 13038?
True
Does 39 divide 17394?
True
Does 24 divide 21571?
False
Does 68 divide 1088?
True
Is 25 a factor of 4850?
True
Is 41205 a multiple of 22?
False
Is 60 a factor of 503?
False
Does 18 divide 3407?
False
Is 401 a factor of 12431?
True
Does 20 divide 49004?
False
Does 57 divide 2067?
False
Does 7 divide 413?
True
Does 12 divide 7524?
True
Is 26 a factor of 2370?
False
Is 21502 a multiple of 13?
True
Does 8 divide 328?
True
Does 207 divide 28359?
True
Does 38 divide 1690?
False
Does 173 divide 22334?
False
Does 28 divide 25788?
True
Is 66 a factor of 132?
True
Does 15 divide 885?
True
Is 16 a factor of 521?
False
Is 68 a factor of 4352?
True
Is 1881 a multiple of 20?
False
Is 33 a factor of 1650?
True
Is 618 a multiple of 2?
True
Is 803 a multiple of 11?
True
Is 14 a factor of 72?
False
Does 9 divide 18234?
True
Does 27 divide 162?
True
Does 9 divide 189?
True
Is 16 a factor of 7888?
True
Does 12 divide 168?
True
Is 14 a factor of 15330?
True
Does 8 divide 454?
False
Is 18 a factor of 1496?
False
Is 123 a multiple of 2?
False
Is 73 a multiple of 16?
False
Does 103 divide 51294?
True
Does 44 divide 2376?
True
Is 625 a multiple of 59?
False
Is 85584 a multiple of 8?
True
Is 1661 a multiple of 11?
True
Does 93 divide 5487?
True
Does 17 divide 4488?
True
Does 24 divide 321?
False
Is 130 a multiple of 5?
True
Is 9384 a multiple of 34?
True
Is 418 a multiple of 65?
False
Is 31 a factor of 741?
False
Does 10 divide 658?
False
Is 29 a factor of 103?
False
Is 17 a factor of 289?
True
Does 160 divide 2651?
False
Is 8 a factor of 398?
False
Is 19 a factor of 1557?
False
Is 12 a multiple of 10?
False
Is 1049 a multiple of 2?
False
Does 14 divide 715?
False
Is 16 a factor of 1936?
True
Is 15 a factor of 344?
False
Is 1932 a multiple of 11?
False
Does 16 divide 2800?
True
Is 672 a multiple of 24?
True
Does 319 divide 75603?
True
Is 4640 a multiple of 116?
True
Does 134 divide 5222?
False
Is 5499 a multiple of 49?
False
Is 81 a factor of 10773?
True
Is 48393 a multiple of 171?
True
Does 33 divide 170549?
False
Is 10455 a multiple of 34?
False
Is 9 a factor of 1890?
True
Does 10 divide 528?
False
Is 13321 a multiple of 173?
True
Is 113 even?
False
Is 66 a factor of 2753?
False
Is 13 a factor of 7152?
False
Is 18 a factor of 1900?
False
Does 5 divide 1855?
True
Is 3071 a multiple of 96?
False
Does 114 divide 1710?
True
Is 30537 a multiple of 9?
True
Is 1734 a multiple of 102?
True
Is 42 a factor of 807?
False
Is 2070 a multiple of 23?
True
Is 3763 a multiple of 59?
False
Is 4 a factor of 58?
False
Is 3 a factor of 14739?
True
Does 81 divide 2315?
False
Does 28 divide 5880?
True
Is 222 even?
True
Is 104 a factor of 175136?
True
Is 507 a multiple of 13?
True
Does 29 divide 63886?
False
Does 36 divide 20309?
False
Is 46 a factor of 138?
True
Is 86 a factor of 946?
True
Is 16 a factor of 9564?
False
Is 43 a factor of 5512?
False
Is 635 a multiple of 80?
False
Is 4 a factor of 444?
True
Does 17 divide 31705?
True
Is 91 a factor of 1001?
True
Is 53 a factor of 541?
False
Is 12 a factor of 18771?
False
Does 9 divide 3312?
True
Is 38224 a multiple of 14?
False
Is 121 a factor of 5233?
False
Does 7 divide 668?
False
Is 338 a multiple of 17?
False
Does 51 divide 113?
False
Is 17 a factor of 11024?
False
Is 90 a factor of 4590?
True
Is 14 a factor of 1498?
True
Does 3 divide 42?
True
Is 3 a factor of 115?
False
Does 9 divide 1108?
False
Is 14 a factor of 4673?
False
Is 106 a multiple of 2?
True
Is 4996 a multiple of 84?
False
Does 104 divide 69056?
True
Is 790 a multiple of 40?
False
Is 848 a multiple of 8?
True
Does 9 divide 3914?
False
Is 237 a factor of 12087?
True
Is 3980 a multiple of 199?
True
Is 7 a factor of 2000?
False
Does 29 divide 266?
False
Does 27 divide 1053?
True
Is 55 a factor of 165?
True
Does 35 divide 6635?
False
Is 486 a multiple of 27?
True
Is 119 a factor of 6655?
False
Is 3 a factor of 13419?
True
Does 26 divide 2374?
False
Does 9 divide 65?
False
Does 3 divide 219?
True
Does 119 divide 44863?
True
Is 118 a multiple of 9?
False
Is 54670 a multiple of 154?
True
Does 80 divide 425?
False
Is 33 a factor of 711?
False
Is 5882 a multiple of 173?
True
Is 115 a factor of 1474?
False
Is 68 a factor of 2176?
True
Is 1059 a multiple of 39?
False
Is 10 a factor of 820?
True
Does 20 divide 1469?
False
Does 49 divide 245?
True
Is 528 a multiple of 16?
True
Does 14 divide 434?
True
Is 245 a factor of 16415?
True
Does 4 divide 46?
False
Is 1208 a multiple of 8?
True
Does 52 divide 154?
False
Is 2368 a multiple of 37?
True
Is 34 a multiple of 3?
False
Does 11 divide 224?
False
Does 66 divide 5412?
True
Is 538 a multiple of 2?
True
Is 10 a factor of 920?
True
Is 630 a multiple of 35?
True
Is 96 a factor of 3543?
False
Is 11 a factor of 714?
False
Is 85 a factor of 5525?
True
Is 35 a factor of 10220?
True
Is 8337 a multiple of 21?
True
Is 369 a multiple of 41?
True
Is 131 a factor of 33143?
True
Does 112 divide 27888?
True
Is 60515 a multiple of 95?
True
Does 29 divide 290?
True
Does 49 divide 907?
False
Does 24 divide 6720?
True
Is 4154 a multiple of 32?
False
Is 1098 a multiple of 78?
False
Does 22 divide 220?
True
Is 14 a factor of 10724?
True
Does 53 divide 3922?
True
Is 27 a factor of 26116?
False
Does 45 divide 11565?
True
Does 67 divide 31196?
False
Is 24 a factor of 264?
True
Is 43 a multiple of 18?
False
Does 16 divide 114?
False
Does 11 divide 979?
True
Is 6670 a multiple of 111?
False
Is 2 a factor of 81?
False
Does 104 divide 5096?
True
Does 25 divide 575?
True
Is 444 a multiple of 111?
True
Does 3 divide 1050?
True
Is 6432 a multiple of 67?
True
Is 2637 a multiple of 4?
False
Is 7 a factor of 38649?
False
Does 22 divide 2986?
False
Does 12 divide 192?
True
Is 36 a factor of 4915?
False
Is 2449 a multiple of 58?
False
Is 26 a factor of 962?
True
Does 3 divide 1425?
True
Does 4 divide 774?
False
Does 130 divide 5881?
False
Is 7 a factor of 8084?
False
Does 4 divide 64?
True
Is 690 a multiple of 3?
True
Is 3 a factor of 526?
False
Is 76 a factor of 3572?
True
Is 68 a factor of 28171?
False
Is 30 a factor of 903?
False
Is 23 a factor of 920?
True
Is 106110 a multiple of 10?
True
Does 25 divide 250?
True
Does 7 divide 611?
False
Does